{"id":230,"date":"2024-07-29T01:00:28","date_gmt":"2024-07-28T23:00:28","guid":{"rendered":"https:\/\/kontaktusvendeghaz.hu\/index.php\/szallashelyek\/"},"modified":"2024-07-29T01:00:28","modified_gmt":"2024-07-28T23:00:28","slug":"szallashelyek","status":"publish","type":"page","link":"https:\/\/kontiklubvendeghaz.hu\/index.php\/szallashelyek\/","title":{"rendered":"Sz\u00e1ll\u00e1shelyek"},"content":{"rendered":"<div class=\"mphb_sc_rooms-wrapper mphb-room-types \">\n<div class=\"mphb-room-type post-361 mphb_room_type type-mphb_room_type status-publish mphb-room-type-adults-12 mphb-room-type-children-0 \">\n\n\t\n\t\n<h2 class=\"mphb-room-type-title entry-title\">\n\n<a class=\"mphb-room-type-title\" href=\"https:\/\/kontiklubvendeghaz.hu\/index.php\/accommodation\/vendeghaz\/\">Vend\u00e9gh\u00e1z<\/a>\n\n<\/h2>\n\n<p>Eg\u00e9sz \u00e9vben nyitva tart\u00f3 teljesen fel\u00faj\u00edtott vend\u00e9gh\u00e1zunk Tisza\u00f6rs-F\u00fcrd\u0151telep ter\u00fclet\u00e9n tal\u00e1lhat\u00f3 a Tisza-t\u00f3 k\u00f6zel\u00e9ben, amely sz\u00e1mtalan programmal kedveskedik a l\u00e1togat\u00f3i sz\u00e1m\u00e1ra \u00edgy a Tisza-tavi \u00d6kocentrum, Tisza-tavi V\u00edzi S\u00e9t\u00e1ny illetve a v\u00edzi sportok szerelmesei is megtal\u00e1lj\u00e1k a sz\u00e1mukra legmegfelel\u0151bb kikapcsol\u00f3d\u00e1si lehet\u0151s\u00e9geket. Sz\u00e1ll\u00e1shely\u00fcnk rendk\u00edv\u00fcli lehet\u0151s\u00e9get ny\u00fajt a pihenni, kikapcsol\u00f3dni v\u00e1gy\u00f3k sz\u00e1m\u00e1ra, hiszen k\u00f6rnyezet\u00e9t a kiemelked\u0151 csend \u00e9s nyugalom [&hellip;]<\/p>\n\n\n<h3 class=\"mphb-room-type-details-title\">R\u00e9szletek<\/h3><ul class=\"mphb-loop-room-type-attributes\">\n\t<li class=\"mphb-room-type-total-capacity\"><span class=\"mphb-attribute-title mphb-total-capacity-title\">Vend\u00e9gek:<\/span><span class=\"mphb-attribute-value\">\n\t12\n\t<\/span><\/li>\t\n\n\n\n\n\n\t<li class=\"mphb-room-type-view\"><span class=\"mphb-attribute-title mphb-view-title\">N\u00e9zet:<\/span><span class=\"mphb-attribute-value\">\n\tTerm\u00e9szet k\u00f6zeli\n\t<\/span><\/li>\n\t\n\n\n\t<li class=\"mphb-room-type-size\"><span class=\"mphb-attribute-title mphb-size-title\">M\u00e9ret:<\/span><span class=\"mphb-attribute-value\">\n\t200m\u00b2\n\t<\/span><\/li>\n\t\n\n\n\n<\/ul>\n\n<p class=\"mphb-view-details-button-wrapper\">\n<a class=\"button mphb-view-details-button\" href=\"https:\/\/kontiklubvendeghaz.hu\/index.php\/accommodation\/vendeghaz\/\" >R\u00e9szletek megtekint\u00e9se<\/a>\n<\/p>\n<div class=\"mphb-to-book-btn-wrapper\">\n<form action=\"https:\/\/kontiklubvendeghaz.hu\/index.php\/accommodation\/vendeghaz\/#booking-form-361\" method=\"get\" ><button type=\"submit\" class=\"button mphb-book-button\" >Foglal\u00e1s<\/button><\/form>\n<br\/><\/div>\n\t\n<\/div>\n<\/div>\n","protected":false},"excerpt":{"rendered":"","protected":false},"author":1,"featured_media":0,"parent":0,"menu_order":0,"comment_status":"closed","ping_status":"closed","template":"","meta":{"footnotes":""},"class_list":["post-230","page","type-page","status-publish","hentry"],"_links":{"self":[{"href":"https:\/\/kontiklubvendeghaz.hu\/index.php\/wp-json\/wp\/v2\/pages\/230","targetHints":{"allow":["GET"]}}],"collection":[{"href":"https:\/\/kontiklubvendeghaz.hu\/index.php\/wp-json\/wp\/v2\/pages"}],"about":[{"href":"https:\/\/kontiklubvendeghaz.hu\/index.php\/wp-json\/wp\/v2\/types\/page"}],"author":[{"embeddable":true,"href":"https:\/\/kontiklubvendeghaz.hu\/index.php\/wp-json\/wp\/v2\/users\/1"}],"replies":[{"embeddable":true,"href":"https:\/\/kontiklubvendeghaz.hu\/index.php\/wp-json\/wp\/v2\/comments?post=230"}],"version-history":[{"count":0,"href":"https:\/\/kontiklubvendeghaz.hu\/index.php\/wp-json\/wp\/v2\/pages\/230\/revisions"}],"wp:attachment":[{"href":"https:\/\/kontiklubvendeghaz.hu\/index.php\/wp-json\/wp\/v2\/media?parent=230"}],"curies":[{"name":"wp","href":"https:\/\/api.w.org\/{rel}","templated":true}]}}